= -2*f, -g = -2*f + 4*z. What are the prime factors of f?
3
Let u(j) = 8*j + 0 + 1 - 3. List the prime factors of u(2).
2, 7
Let q(w) = -4*w - 4. Let i be q(-4). List the prime factors of (32/i)/((-4)/(-6)).
2
Suppose 6*y = 3*y + 54. List the prime factors of y.
2, 3
Let m(s) = -s + 7. What are the prime factors of m(-18)?
5
Let n = 28 + -2. Suppose -o + 7*w - 3*w = 4, n = 4*o + 5*w. Suppose -2*b + 0*u + 24 = -4*u, -o*b + 5*u + 42 = 0. What are the prime factors of b?
2
Let g(i) = 22*i - 11. What are the prime factors of g(8)?
3, 5, 11
Let k(l) be the third derivative of l**5/30 - l**4/6 - l**3/6 - l**2. List the prime factors of k(4).
3, 5
Let q(u) = u**2 - 2*u + 5. What are the prime factors of q(10)?
5, 17
Suppose g - 16 = 3*g. List the prime factors of (22/(-2))/(g/16).
2, 11
Suppose -3*n + 155 = -97. What are the prime factors of n?
2, 3, 7
Suppose 0 = -p - z + 22, -5*p = -2*z + 44 - 154. Let f be (-2)/8 - 118/8. Let l = p + f. List the prime factors of l.
7
Let n(r) = -r**3 - 11*r**2 - 9*r + 13. Let z be n(-10). Suppose z*w - 86 = w. List the prime factors of w.
43
Suppose -5*x + 4*i = -i, 2*x = 4*i + 4. Suppose -7 = -3*q + 2. What are the prime factors of 1/x*2 + q?
2
Let c(q) = -4*q + 2*q - 2 + 2*q - 5*q. What are the prime factors of c(-2)?
2
Let j(l) = 22*l + 21. Let r(n) = -11*n - 10. Let f(m) = 4*j(m) + 9*r(m). What are the prime factors of f(-4)?
2, 19
Suppose 158 = 2*v + 30. Suppose z = 3*f + 3*z - v, 0 = -z - 1. List the prime factors of f.
2, 11
Let v(z) = z**2 - z - 5. Let b be (8/(-3))/(6/(-9)). List the prime factors of v(b).
7
Let f(w) = w**3 + w**2 - w + 10. Let g be 2/(-7) + (-4)/(-14). List the prime factors of f(g).
2, 5
Let o = 68 + -45. What are the prime factors of o?
23
Suppose -2 + 16 = 2*k. What are the prime factors of 30/k + 4/(-14)?
2
Let p = 4 + -5. Let x(z) = -2*z**3 - 2*z + 1 + 0*z**3 - 2. What are the prime factors of x(p)?
3
Let p = -81 + 57. Let j = 10 - p. List the prime factors of j.
2, 17
Let x(c) = 11*c**2 - 2*c + 1. Suppose 5 = 3*a - 2*l, 5*l + 8 = 2*a + 1. List the prime factors of x(a).
2, 5
Let h(g) = -2*g**3 - g**2 - g + 2. Let m be h(-2). Let b = 22 - m. List the prime factors of b.
2, 3
Let b(v) = -8*v - 19. What are the prime factors of b(-6)?
29
Let w(f) = f**3 - f**2 - f - 1. Let r(y) = y - 11. Let k be r(6). Let j = -2 - k. What are the prime factors of w(j)?
2, 7
Let j be 5/(4*2/40). List the prime factors of 2/2 - j/(-1).
2, 13
Suppose -5*s = -3*s - 10. Suppose -4*y = -s*y + 3. List the prime factors of y.
3
Suppose -4*v - 13 = -5*v. Suppose 0 = -2*y + 5*t - 0*t + v, 0 = 4*t - 20. What are the prime factors of y?
19
Let n be 2 + -1 - 9/1. Let w = n + 5. List the prime factors of 10/15 - 16/w.
2, 3
List the prime factors of 9/(54/(-16))*(0 - 69).
2, 23
Suppose -w + 6*w + 25 = -3*i, 15 = i - 3*w. Suppose 0 = -a + 3*k - 1, i = a + 2*a + k - 7. List the prime factors of a.
2
Let s(c) = -c**2 - 3. Let f be s(0). What are the prime factors of ((-36)/8)/(f/6)?
3
Suppose -2*y - 3*m = -46, -67 = -4*y + 2*m + 41. What are the prime factors of y?
2, 13
Let o = -54 + 90. List the prime factors of o.
2, 3
Let b(f) = -f**2 - 8*f + 3. Let r be b(-8). Suppose -4*s = -r*s - 4. Let t = 10 - s. List the prime factors of t.
2, 3
Let j = -9 + 24. Suppose 6*g - g - j = 0. List the prime factors of g.
3
Suppose 0 = 3*f + x - 3, f + 2*f - 6 = -2*x. Let h = f + 3. What are the prime factors of h?
3
Let k = 374 + -263. List the prime factors of k.
3, 37
Suppose 0 = -2*m + 3 + 1. Suppose 50 = 5*r - m*n, r - 3 = -0*r - n. What are the prime factors of r?
2
Suppose 2*w + 2*w - 8 = 4*f, w + f = 4. What are the prime factors of w - (4 + -3 - 23)?
5
Let z(n) = n**3 - 8*n**2 + 2*n - 12. Let q be z(8). Suppose -38 = -q*c + 2*c. What are the prime factors of c?
19
Let l(u) = 7*u - 6. List the prime factors of l(6).
2, 3
Let r(w) = 7*w**2 + 1. Suppose -8 = 5*n + 3*y, -n + 3*y = 7*y + 5. Let u be r(n). Suppose 0 = h - u - 7. List the prime factors of h.
3, 5
Let u = 20 - 15. What are the prime factors of u?
5
Let g = -4 + 8. Suppose 3*x - 35 - g = 0. List the prime factors of x.
13
Suppose 12 = 2*g + 4*f, 4*g + 0*f = f + 6. Suppose 0*c + g*c - 24 = 0. List the prime factors of c.
2, 3
Suppose 5*s + 4*x - 27 = -0*x, -2*s - 3*x = -15. Let i = s - 0. What are the prime factors of i?
3
Let h(m) = m**2 - 9*m + 13. What are the prime factors of h(11)?
5, 7
Suppose -a - 4*a = 2*f - 43, -2*f + a + 49 = 0. List the prime factors of f.
2, 3
Let w = -60 - -161. List the prime factors of w.
101
Let m(k) = -k**2 - k. Let r(y) = -4*y**2 - 17*y + 10. Let o(p) = -3*m(p) + r(p). List the prime factors of o(-13).
23
What are the prime factors of (6/4)/((5/770)/1)?
3, 7, 11
List the prime factors of 212/8*1*2.
53
Let d(r) = 10*r - 11. What are the prime factors of d(5)?
3, 13
Let g(h) = h**3 - 3*h**2 - 2. Let p be g(3). Let a be -1 - -3 - (-12)/p. What are the prime factors of (0 + -18)*2/a?
3
Suppose -2*g + 5*g + 2*x = -2, 3*x - 15 = 0. Let y(d) be the first derivative of d**4/4 + 4*d**3/3 - d**2 + 3*d - 15. What are the prime factors of y(g)?
11
Let q be (-12)/8 + 1/(-2). Let o be (1/q)/(-1)*22. Let y = o + -4. What are the prime factors of y?
7
List the prime factors of 80/15*(-54)/(-8).
2, 3
Let m = -1 - -3. Suppose m*s - 5*s = 2*l - 3, 4*s - 27 = 5*l. Suppose 3*x - 19 = -2*q, -s*x + 18 = -x + 4*q. What are the prime factors of x?
5
Let n = -5 + 7. Let l = 5 - n. Suppose 12 = l*m + m. List the prime factors of m.
3
Let x(k) = 3*k - 3. Let o be x(9). Suppose -5*v + 3*h = -8, 2*v - 5*v - 3*h = -o. What are the prime factors of v?
2
Let b(o) = -3*o**3 - 14*o**2 - 17*o + 18. Let h(n) = 2*n**3 + 7*n**2 + 8*n - 9. Let r(d) = -3*b(d) - 5*h(d). List the prime factors of r(8).
3, 5
Let l(f) = f**2 - 2*f. Let v be l(-2). Suppose -v = 4*i - 0*i. List the prime factors of i/(-11) + 130/11.
2, 3
Let v = 148 + -48. Suppose v = 4*j - 7*l + 2*l, -5*j - 4*l + 84 = 0. List the prime factors of j.
2, 5
Let v(d) = -2*d + 1. Let r be v(-1). Suppose -t = 3*o - 21, t + 70 = r*t - o. What are the prime factors of t?
3, 11
Let v(j) = 10*j**2 - j**3 - 3 + 0 - 4 + j. List the prime factors of v(10).
3
Suppose 0 = 2*b - 3*b + 171. List the prime factors of b.
3, 19
Suppose 0 = -3*k - 0*k - 27. Let f(p) = -p**3 + 6*p**2 - 4*p + 7. Let h be f(5). What are the prime factors of (h/5)/(k/(-30))?
2
Let n = 6 + -16. Suppose 0*h - h + 285 = 5*u, 0 = -5*u + 4*h + 260. List the prime factors of u/10 - 4/n.
2, 3
Let u(q) = q**3 - 11*q**2 - 12*q + 10. Let z be u(12). Suppose -d + z = d. List the prime factors of d.
5
Let t be (1*50 + 0)/(-1). Let l = -32 - t. What are the prime factors of l?
2, 3
Let k(n) = -n**3 - 10*n**2 - 8*n + 12. Let h be k(-9). Suppose -6*y = -2*y - 3*l - 84, -2*y + h*l = -48. List the prime factors of y.
2, 3
Let a = 1 - -2. Suppose -a*n = -0*n - 9. Suppose -5*v - m + 30 = 0, n*v - 4*m - 2 = 16. What are the prime factors of v?
2, 3
Let t be 2 + 2 + 2/(-2). Let f(j) = -j + 1. Let n be f(-2). Suppose -2*a = -5*i + 17, -i + n*a - t = -9. List the prime factors of i.
3
Suppose 10*i - 1275 = 465. List the prime factors of i.
2, 3, 29
Let l(x) = x**3 + 2*x**2 - x. Let w be l(-2). What are the prime factors of 2/(w + (-22)/12)?
2, 3
Suppose 4*y = 7 - 111. Let u = 56 + y. What are the prime factors of u?
2, 3, 5
Suppose 59 = 3*m + 317. Let t = -58 - m. List the prime factors of t.
2, 7
Let b = 4 - 0. Suppose 17 = 2*w + 5*d + 1, -b*w = 3*d - 18. List the prime factors of w.
3
Let o be -3 - ((-2)/(-1) - 0). List the prime factors of (1 - 0) + (4 - o).
2, 5
Suppose z + 38 = -z. Let c = 11 - z. List the prime factors of c.
2, 3, 5
Suppose -2 = d - 3*q - 6, 3*d = -5*q + 12. Suppose -j - 2 = -d. Let t = 5 + j. What are the prime factors of t?
7
Suppose -5*a + 36 = 4*d, -4 = -5*a + 3*d + 4. Let v = 9 - a. List the prime factors of v.
5
Let a(h) = 46*h + 3. List the prime factors of a(3).
3, 47
List the prime factors of 5 + 60/(-8)*-10.
2, 5
Suppose -3*i = -123 - 120. What are the prime factors of i?
3
Let y(r) = 4*r - 10. Suppose -4*h + 4*i + 40 = 0, -2*h - 2*h + i = -31. List the prime factors of y(h).
2, 3
Let p = 2 - 5. Let q = p - -3. What are the prime factors of (-1)/(-1) + (2 - q)?
3
Let w = 20 - 2. What are the prime factors of w?
2, 3
List the prime facto